 + 0*h - 16 = 0. Suppose x = 3*l - 4*x - 121, 0 = h*l + x - 169. What is the units digit of l?
2
Let b = -12 - -18. Suppose -6 = -2*l, l = j - b - 3. What is the units digit of j?
2
Let w(g) = g**2 + 2*g. What is the units digit of w(3)?
5
What is the units digit of (-4)/(-16) + 6/8?
1
Let b(o) be the second derivative of 13*o**3/6 - 3*o**2 - 2*o. What is the units digit of b(3)?
3
Let r(j) = -j**3 - 17*j**2 - 7*j - 32. What is the tens digit of r(-17)?
8
Let b be ((-15)/(-9) + -2)*-3. What is the units digit of (b - 10)/((-15)/10)?
6
Let v = -2 + 3. Let d = 0 - v. Let k = 11 + d. What is the units digit of k?
0
Suppose -4*z + 34 = 6. What is the units digit of z?
7
Suppose 4*t + 0*t - 528 = 3*h, 0 = -5*h. What is the units digit of t?
2
Let p be (-3)/(-4) - (-159)/12. Suppose 12 = 2*c - p. What is the units digit of c?
3
Let w be 4/(-14) + (-30)/(-7). Suppose 5*z - 5*y - 40 = 0, 0*z + 4*y = -w*z. What is the units digit of z?
4
Let p = 14 + -2. Suppose w - 10 = p. What is the tens digit of w?
2
Suppose 0*w + 6*w = 480. What is the units digit of w?
0
What is the tens digit of (-3 + 85)/2 + 0/(-4)?
4
Suppose -g - 2*t - 5 = 0, 8 + 5 = -4*g - t. Let o = 13 + g. What is the tens digit of o?
1
Let y(h) = 51*h + 14. What is the tens digit of y(5)?
6
Let l = -30 - -21. Let j(m) = m**2 + 10*m + 3. Let v be j(l). What is the units digit of 4*1/v*-3?
2
Let k(d) = -d**3 - 6*d**2. Let m be k(-6). Suppose m = 2*r - a - 33, -r + 30 = r + 2*a. What is the units digit of r?
6
Let z(j) = -9*j - j**2 - 11*j**2 + j**2 - 12 + j**3. What is the tens digit of z(12)?
2
Suppose 0 = -5*c + 4*o + 25, 4 - 2 = -3*c - o. What is the units digit of c*(-1 - -13 - 2)?
0
Let y be (-2)/5 - (-26)/(-10). Let q be 6/4*2/y. Let s(r) = -2*r - 1. What is the units digit of s(q)?
1
Let x = -57 + 127. What is the units digit of x?
0
Let u(z) = -2*z + 1. Let j(l) = l**3 - 6*l**2 + 7*l - 4. Let t be j(5). Let b = t + -8. What is the units digit of u(b)?
5
Let c be (-462)/(-121) + 4/22. Suppose -65 = -c*n - 3*b, 7*n - 4*b = 2*n + 89. What is the tens digit of n?
1
Let r(i) = i**2 + 1. Let j(n) = -4*n**2 - 2*n - 1. Let a(y) = -j(y) - 3*r(y). What is the tens digit of a(3)?
1
Suppose m - 9 = -2*m. Suppose -4*z + m*z + 13 = 0. What is the units digit of z?
3
Let a be (-4)/10 + (-12)/(-5). Suppose 0 = -a*d + 4*d - 26. What is the tens digit of d?
1
Let i = -7 - -12. Suppose k = i*k - 16. Suppose 0 = k*n + n - 10. What is the units digit of n?
2
Let s be 16/6*(-21)/(-2). Let h = -20 + s. What is the units digit of h?
8
Let r(c) = c**3 - 3*c - 3. Let i be r(3). Let l = i + -11. Suppose -l*z + 8 = -0*z. What is the units digit of z?
2
Let c be (-5)/(-20) + 19/4. Suppose 159 = c*v + 34. Suppose -3*d - o + 20 = 0, -3*o = d + 3*d - v. What is the units digit of d?
7
What is the tens digit of (-8)/36 + (-598)/(-18)?
3
Let p = -10 + 18. Let j = p - 38. What is the units digit of (2/(-4))/(3/j)?
5
Let b = 35 + -20. What is the units digit of b?
5
Let g(m) = m + 6. Let o = -2 + -1. Let k be g(o). Suppose -y = k*y - 20. What is the units digit of y?
5
Let i(a) = a**2 + 4*a. Let q be i(-3). What is the units digit of (9 - q/(-1))/2?
3
Let g = -6 - -21. Let u = g - -16. What is the tens digit of u?
3
Suppose -5*s = -s + 12. Let x(m) = -m**2 - 2*m - 1. Let i be x(s). Let r = 7 + i. What is the units digit of r?
3
Let x(n) = n**2 + 8*n + 22. What is the tens digit of x(-15)?
2
Let z(a) = 11*a - 13. What is the units digit of z(6)?
3
Let x(k) = -k**3 + 11*k**2 + 14*k - 12. Let n(m) = -3*m**2 + 3*m + 4. Let t be n(3). Let c = t + 26. What is the units digit of x(c)?
2
Let z(d) = d**2 + 4*d + 2. Let h be z(-3). Let b = 2 - h. What is the units digit of b?
3
Suppose 3*k - 46 = 4*h, 16 = 3*h + 1. Let c(u) = -u**2 - 8*u + 1. Let j be c(-6). Let o = k - j. What is the units digit of o?
9
Let w = -1 + 4. Suppose -5*p + 3*d + 18 = -16, 4*p - w*d = 29. Let v(x) = -x**2 + 6*x + 4. What is the units digit of v(p)?
9
Let n(l) = -l - 2. Let o be n(-2). Suppose -s + 1 = o, 47 = 3*i + s - 8. What is the tens digit of i?
1
Let q be ((-12)/(-9))/((-2)/(-15)). What is the units digit of (-56)/q*20/(-8)?
4
Let c(r) = 2*r. Let m be c(9). Let b = m - 7. What is the units digit of b?
1
Let y(i) = -2*i**3 + i**2 + i + 1 + 0 + i. Let t be y(-1). What is the units digit of 1/(t/(-3))*-6?
9
Let a be (0 - -5)*4/10. Suppose 3*q + 3 = 2*x, 3*x - q = 5 + 3. Suppose a*i - p - 28 = x*p, -9 = -i - 3*p. What is the tens digit of i?
1
Let m(i) = -i - 12. Suppose -5*f = -10, 0 = 2*l - 2*f + 27 - 11. Let o be m(l). Let t = o + 25. What is the tens digit of t?
1
Suppose 6 = -x + 2*d, x + 4*x + 3*d + 30 = 0. Let c(q) = -q**2 - 8*q - 5. What is the units digit of c(x)?
7
Let q(s) = 6*s**3 - s**2 + s - 2. Let y be q(2). Suppose -3*n + 45 = 5*w - 21, -3*w - 4*n = -y. Suppose w = -d + 3*d. What is the units digit of d?
6
Let m(c) = -5 - 3*c - 2*c + 8*c - 2*c. What is the units digit of m(13)?
8
Suppose -3*w - 3*p - 3 = 9, -4*w = -4*p + 16. Let f = -3 - w. What is the units digit of f?
1
Suppose -117 = -4*u + w, -5*u - 3*w + 139 + 3 = 0. What is the tens digit of u?
2
Let k = 15 + -6. Suppose k*b + 90 = 12*b. What is the tens digit of b?
3
Let o(v) = 7 - 2 - 4 + 8*v. What is the tens digit of o(2)?
1
Let w(g) = -g**3 + 12*g**2 + 9*g + 10. Let x be w(13). Let r = x + 82. What is the units digit of r?
0
What is the tens digit of (24/(-28))/((-3)/1554*2)?
2
Let f(m) = 12*m - 1. Let a be f(1). Let h(i) = i**3 - 10*i**2 - 11*i + 9. What is the units digit of h(a)?
9
Let i(h) = h**2 - 2*h - 8. Suppose 3 = -5*t - 7. Let k be -2*3/t - -3. What is the tens digit of i(k)?
1
Suppose -4*c - 4 + 16 = 0. Suppose c*s - 6*s = -15. Suppose -s*i = 28 - 123. What is the units digit of i?
9
What is the tens digit of (-12 - 1)*(-1)/1?
1
What is the units digit of 1/(-4 - 9/(-2))?
2
Let w(l) = 37*l + 4. What is the units digit of w(3)?
5
Let m(i) = -5*i + 6. Let b be m(4). Let v be (-3)/9 + b/(-6). Let k = 10 - v. What is the units digit of k?
8
Let k = -30 - -65. Let u = k + 4. What is the tens digit of u?
3
Suppose 25*g + 540 = 29*g. What is the hundreds digit of g?
1
Let h = -13 - -18. Suppose 0 = h*d + 5*z + 10 - 90, 5*z = 25. What is the tens digit of d?
1
Let l = 7 - 2. Suppose 3*a + l*k + 41 = 4*a, a = 4*k + 43. What is the tens digit of a?
5
Let f = 6 + -2. What is the units digit of f?
4
Let v(j) = -j**3 + 5*j**2 + j - 4. Let c be v(5). Suppose 2*p = -3*g - c, -4*g - 2*p + 2 = -0. Let l(x) = 3*x - 1. What is the units digit of l(g)?
8
Suppose y - 2 = 1. Suppose -y*w = 2*n - w - 6, 5*w - 17 = -4*n. What is the units digit of (n + -1)/(-1) - -1?
4
Let j(a) = -26*a - 8. What is the units digit of j(-3)?
0
Suppose 0 = -i + 3*t - 5*t + 141, -4*t = -2*i + 322. What is the units digit of i?
1
What is the tens digit of (-3)/(((-20)/(-268))/(-5))?
0
Let s = 49 + -11. What is the units digit of s?
8
Suppose -6*o + 2*o + 4 = 0. Let s = o + 7. What is the units digit of s?
8
What is the tens digit of (95/25)/(3/15)?
1
Let t = -18 - -23. What is the units digit of t?
5
Suppose -4*a = -4*o - 44, 2*a + 4*o - 36 = a. Suppose 2*h = 2 + 2. Suppose -3*f - h*c = -a, 4*f - 4*c = c - 17. What is the units digit of f?
2
Let t = -7 - -25. Suppose g - t = -g. What is the units digit of g?
9
Let o = 74 + -45. What is the units digit of o?
9
Let h(a) = a**3 - 4*a**2 - 4*a + 17. What is the tens digit of h(5)?
2
Let j(v) = 7*v**3 - v**2 + 10*v - 8. Let s(t) = -13*t**3 + 3*t**2 - 19*t + 15. Let u(r) = 11*j(r) + 6*s(r). What is the tens digit of u(6)?
1
Let w(u) = 3*u - 2*u**2 + 4 - 3*u + 2*u - u**3. What is the units digit of w(-3)?
7
Let g(r) = r - 19. Let s be g(12). Let d(b) = 1 - 5*b**2 - b - b**2 - b**3 + 7*b. What is the units digit of d(s)?
8
Suppose -2*h - 30 = 3*a, -3*a - 4*h + 12 = -6*a. Let q = 13 + a. Suppose 15 - q = 5*w. What is the units digit of w?
2
Let p(f) = 7*f**2 + 6*f + 9. What is the tens digit of p(4)?
4
Let r(g) = g**2 - 7*g - 1. Let d be r(11). Let j = d - 16. What is the tens digit of j?
2
Suppose 43 + 201 = 2*d. Suppose 5*b + 173 = 4*v, -4*v = -v + 4*b - d. Suppose 0 = -2*m - 5*s + 9, -3*m + 0*m + 2*s + v = 0. What is the tens digit of m?
1
Let x be (-2)/(4/(-138)) - 3. Suppose 54 = 5*z - x. Let h = z + -10. What is the tens digit of h?
1
Let r be -1 + (2 - 